s 4 + -1ac0?
-1aba
In base 4, what is 0 + 1302023030?
1302023030
In base 3, what is -11 - -21212100121?
21212100110
In base 9, what is -2 - -16180?
16177
In base 13, what is 17 - -2105?
211c
In base 9, what is -104 + 5207?
5103
In base 2, what is 1011 - 11100010011100?
-11100010010001
In base 16, what is 2 + 3bf41?
3bf43
In base 7, what is -252454 - -5?
-252446
In base 4, what is 10300213 + 13?
10300232
In base 4, what is -1 - 203213123?
-203213130
In base 8, what is -130765 + 10?
-130755
In base 13, what is 1b015 - -3?
1b018
In base 8, what is 561 - 6202?
-5421
In base 12, what is 2 - 518b63?
-518b61
In base 8, what is -3611 + -177?
-4010
In base 13, what is -9 + -c310?
-c319
In base 2, what is -1111 - -100001001101?
100000111110
In base 4, what is 10123 + -320033?
-303310
In base 15, what is 11bb1 - 0?
11bb1
In base 11, what is 12738 + -5?
12733
In base 6, what is 355 - 340?
15
In base 12, what is 27 - 94?
-69
In base 16, what is 26 + cf9?
d1f
In base 9, what is 3 + -15383?
-15380
In base 13, what is 470b + -1b?
46c0
In base 3, what is -2012202210 - -11?
-2012202122
In base 4, what is 301 + 202120?
203021
In base 4, what is 1002220 + 10313?
1013133
In base 13, what is 216047 - -5?
21604c
In base 4, what is -2 + -32330111?
-32330113
In base 7, what is 2 - 4432404?
-4432402
In base 5, what is -10 + 312300?
312240
In base 4, what is -1 - -21313321?
21313320
In base 7, what is 11 - 2546?
-2535
In base 8, what is 1611 + 2505?
4316
In base 13, what is 34b - -382?
700
In base 11, what is 240 - 62?
189
In base 7, what is -6 + -34631?
-34640
In base 9, what is 2568 - -241?
2820
In base 8, what is 256401 - 1?
256400
In base 12, what is -1126 - -3b8?
-92a
In base 8, what is -522 + 4064?
3342
In base 16, what is -2 - 31dc?
-31de
In base 16, what is -d21f + -2?
-d221
In base 8, what is -1 - -730065?
730064
In base 8, what is -1122 - -7566?
6444
In base 13, what is -4976 + 1?
-4975
In base 6, what is 335 - 10320?
-5541
In base 11, what is -8499 + 1?
-8498
In base 14, what is -299 - 63?
-31c
In base 16, what is -2 - 168a3?
-168a5
In base 4, what is 2312103030 - 2?
2312103022
In base 7, what is 4 - 11262?
-11255
In base 8, what is 1255 - -130?
1405
In base 7, what is -44265 - -24?
-44241
In base 14, what is -3 + -6b6c?
-6b71
In base 5, what is -133213 - -1?
-133212
In base 2, what is 11111001110110 - -101?
11111001111011
In base 7, what is -153206 + -3?
-153212
In base 16, what is 9b + 239?
2d4
In base 9, what is -4 + 346?
342
In base 3, what is -12202211 + -202?
-12210120
In base 7, what is 51 + -60?
-6
In base 11, what is -19 + 326?
308
In base 14, what is -4 - -9b34c?
9b348
In base 2, what is 1100001 + -1011011100110?
-1011010000101
In base 14, what is 3b29 - b?
3b1c
In base 13, what is -15b3063 + -2?
-15b3065
In base 14, what is -17b + 4a9?
32c
In base 9, what is 2 + -50744?
-50742
In base 14, what is 4694 + -128?
456a
In base 2, what is 100110001001001 + 11001?
100110001100010
In base 16, what is -28 + -37?
-5f
In base 14, what is -13d + -39?
-178
In base 14, what is -3cb7c + -1?
-3cb7d
In base 12, what is -56 - b?
-65
In base 9, what is -152 + 15142?
14880
In base 4, what is -21 + -13303333?
-13310020
In base 14, what is 3d + -44d?
-410
In base 16, what is 3c0 - 11?
3af
In base 15, what is -4 - 1015b?
-10160
In base 5, what is 2002 - -341?
2343
In base 11, what is -9389 + -4?
-9392
In base 2, what is -1 - 100110111101010110?
-100110111101010111
In base 8, what is 1 - 550326?
-550325
In base 9, what is -66 + 467?
401
In base 8, what is 12 + 657?
671
In base 5, what is 410 + -340044?
-334134
In base 11, what is a9767 + -4?
a9763
In base 4, what is 31011003 - 13?
31010330
In base 3, what is 12 + 12001200?
12001212
In base 9, what is 25 - 17670?
-17644
In base 14, what is 3a - -62?
9c
In base 3, what is 211211211 + -101?
211211110
In base 12, what is 3 - -106793?
106796
In base 16, what is -934 - 30?
-964
In base 4, what is -200331 + -2320?
-203311
In base 14, what is -8ddbb + -5?
-8ddc2
In base 15, what is 10 + -40884?
-40874
In base 3, what is -12 - 21000111?
-21000200
In base 16, what is 276 + -17?
25f
In base 16, what is -1f3c6 + -9?
-1f3cf
In base 11, what is 72 + 1999?
1a60
In base 9, what is -8 - -2057?
2048
In base 10, what is -2 - 6059?
-6061
In base 10, what is -550 - 123?
-673
In base 8, what is -47 + -424471?
-424540
In base 5, what is -2030314 - -2?
-2030312
In base 15, what is 50 - caa?
-c5a
In base 6, what is 5 + -2312514?
-2312505
In base 16, what is 8fce0 + 4?
8fce4
In base 15, what is -1740 - -71?
-16be
In base 6, what is -2 - -51021?
51015
In base 6, what is 22 + -243100?
-243034
In base 6, what is -10421 + -3?
-10424
In base 8, what is 17573 - 23?
17550
In base 5, what is 3 - 10200142?
-10200134
In base 12, what is -31 + 606?
595
In base 8, what is -12246 + 2?
-12244
In base 15, what is -8 + -227?
-230
In base 13, what is 6 + 1194?
119a
In base 16, what is 7 + -2370?
-2369
In base 9, what is -15 - -1172?
1156
In base 4, what is 2222 - -3030?
11312
In base 3, what is 1112 - 2001022?
-1222210
In base 16, what is 1e298 - 4?
1e294
In base 3, what is -122021022111 - 2?
-122021022120
In base 7, what is 533325 + 2?
533330
In base 9, what is -63 - -46821?
46747
In base 15, what is 161 - -25ea?
275b
In base 8, what is -4 - 30?
-34
In base 3, what is 200201 + -22100?
101101
In base 5, what is -1111011 - 0?
-1111011
In base 3, what is -2201122210 + -2?
-2201122212
In base 8, what is 5 + 2255532?
2255537
In base 3, what is -10 + 10100120121?
10100120111
In base 15, what is 1 - -1047?
1048
In base 9, what is -21 - 223111?
-223132
In base 5, what is -13013030 + 0?
-13013030
In base 13, what is -2c3 + -58?
-34b
In base 7, what is -16 - 1035514?
-1035533
In base 5, what is 10 + 42221?
42231
In base 2, what is -10111000000101101010110 + -1?
-10111000000101101010111
In base 13, what is -20 - 321?
-341
In base 9, what is -1847 - 45?
-2003
In base 5, what is 13 + -212243042?
-212243024
In base 8, what is -2506 - -174?
-2312
In base 9, what is -2667 + 1171?
-1486
In base 10, what is 5766 - 8?
5758
In base 15, what is a0 + -2e?
71
In base 14, what is -50c2 - -13?
-50ad
In base 15, what is -676d - 5?
-6773
In base 2, what is -1100100010 - -100101101?
-111110101
In base 12, what is -5 + -28ba2a?
-28ba33
In base 8, what is -31 + -525?
-556
In base 3, what is -202 - 22111210?
-22112112
In base 3, what is -200020122 + -21?
-200020220
In base 16, what is 1 - 10b9f4?
-10b9f3
In base 12, what is 4 - 297538?
-297534
In base 15, what is -5 - -5d6b?
5d66
In base 13, what is -7 - 548?
-552
In base 15, what is 98 - -1dd?
286
In base 14, what is -27 - 169?
-192
In base 3, what is 2110 - -12122020011?
12122022121
In base 10, what is 21617 + -56?
21561
In base 3, what is -200101102 - 21?
-200101200
In base 9, what is 87445 + 2?
87447
In base 3, what is 2222101 - 21?
2222010
In base 12, what is 2602 - 8?
25b6
In base 4, what is -1302 + -1?
-1303
In base 10, what is 4 - 148720?
-148716
In base 16, what is -10135 + -2?
-10137
In base 11, what is -747 - a0?
-837
In base 2, what is -1 - -11100111110001?
11100111110000
In base 5, what is 20 + -303120?
-303100
In base 16, what is -508 - -109?
-3ff
In base 14, what is 185a1 - -2?
185a3
In base 9, what is 542 - -1102?
1644
In base 8, what is 2 - 1226340?
-1226336
In base 11, what is -13 - 1888?
-18a0
In base 9, what is -6663 + 21?
-6642
In base 11, what is -51 + 812?
771
In base 4, what is 31200 + 1122?
32322
In base 12, what is 111 - 26b4?
-25a3
In base 9, what is 2 - 645682?
-645680
In base 14, what is 78487 + -4?
78483
In base 16, what is -4 + -2a0f?
-2a13
In base 14, what is 5 + 29d5a?
29d61
In base 12, what is -140b9 + 5?
-140b4
In base 6, what is -2 - -2550022?
2550020
In base 10, what is -14998 - -65?
-14933
In base 8, what is -2207 + -101?
-2310
In base 5, what is -34 + -33124?
-33213
In base 15, what is -b7 + 322?
25a
In base 7, what is 60321 + 16?
60340
In base 11, what is -10a4 - -27?
-1078
In base 11, what is 49a + 25?
514
In base 4, what is -113002200 + 200?
-113002000
In base 14, what is 1b9 + -2d?
18a
In base 13, what is -1 + -b776?
-b777
In base 14, what is 245c4 - 5?
245bd
In base 3, what is 0 + 122120102001?
122120102001
In base 10, what is 2 + 11818?
11820
In base 16, what is -d - 397?
-3a4
In base 10, what 